Calculate the greatest common divisor of 1224 and m.
36
Suppose -39*f = -37*f - 116. Let b = f + -47. What is the greatest common factor of 88 and b?
11
Let n(x) = 3*x + 12. Let w be n(-6). Let m be (-4)/((-1 + -1)*w/(-126)). What is the greatest common divisor of 12 and m?
6
Let u be (4/(-6))/((-14)/273). Suppose i = -2*o - 7, -i - 3*o = 3*i + u. Let t be 104 + i - (3 + -5). Calculate the highest common divisor of t and 21.
21
Suppose m - 100 = -m. Calculate the highest common factor of 2 and m.
2
Let b(j) = -32*j - 2. Let d(h) = 4*h - 17. Suppose -4*o + 24 = 2*o. Let f be d(o). Let t be b(f). Calculate the greatest common divisor of 3 and t.
3
Suppose 20 = 39*x - 44*x, 2*f = -3*x + 70. Suppose 2*p = -3*g + 142 + 713, -g = 4*p - 275. Calculate the highest common divisor of f and g.
41
Suppose 2*f - 860 = -4*p, 3*p - 652 = -5*f - 0*f. Suppose 0 = -4*d + p + 38. What is the highest common divisor of d and 7?
7
Let f = -23 - -21. Let d be ((-40)/16)/(f/48). Suppose -3*y + 72 = -d. What is the highest common factor of 11 and y?
11
Let n = -1063 - -1180. What is the greatest common divisor of n and 546?
39
Let l(g) = 12*g**3 - g**2 - 6. Let s be l(3). Suppose 1371 = 5*i - s. Let n be (i/18)/((-2)/(-3)). What is the greatest common divisor of n and 42?
14
Let o(y) = y**3 - 11*y**2 + 7 - 2 - 3. Let d be o(11). Suppose c = 6*c - 50. What is the highest common factor of c and d?
2
Suppose 18 = w + 2*w. What is the greatest common factor of w and 258?
6
Suppose 461 = -5*q + 71. Let o = 126 + q. Calculate the highest common divisor of 120 and o.
24
Let j = -63 - -191. Suppose -9*o = -3*o - 192. Calculate the highest common factor of o and j.
32
Let f be ((-203)/(-28))/(1/(-4)). Let k = -17 - f. Let l = -3 + 11. What is the greatest common factor of l and k?
4
Let y(q) = 5*q**3 + 5*q**2 - 2*q + 5. Let a be y(-3). Let o = 143 + a. What is the greatest common divisor of 8 and o?
8
Let p be -50 + 46 + 1*29. Let j(l) = l - 4. Let q be j(9). Calculate the greatest common divisor of p and q.
5
Let x(p) = 6 - 14*p**2 + 7*p + p**3 + 2*p + 6*p. Suppose -2*q + 31 = 3*v, v - q - 4 = 13. Let m be x(v). What is the greatest common divisor of m and 16?
16
Let h(n) = -n**2 - 14*n - 2. Let d be h(-14). Let j be d/(-3) - (1 - (-170)/(-15)). Calculate the greatest common factor of j and 1.
1
Let w(l) = -6*l - 22. Let f be w(-4). Suppose d + n - f*n = 20, n - 94 = -5*d. Calculate the highest common divisor of d and 152.
19
Let s be 4/1*1/4*-8. Let l be ((-88)/32)/(18/s + 2). Calculate the greatest common factor of 121 and l.
11
Let f(u) = 2*u**3 + 24*u**2 + 3*u + 1. Let i be f(-11). What is the highest common factor of 70 and i?
70
Let m = 1529 - 924. Calculate the highest common factor of 55 and m.
55
Let q be (23 - 8)*(-2)/(-2). Calculate the greatest common factor of q and 1065.
15
Suppose -4*p = -3 - 1. Suppose -7 - p = -z. Suppose -v - z = 3*b, 5*v + b - 28 = 3*b. Calculate the greatest common factor of v and 2.
2
Suppose -2*h + 3*w + 679 = 0, -5*h - 2*w - 400 = -2126. What is the greatest common factor of 24 and h?
8
Suppose 4*h - 62 = -d, 0*d - 71 = -5*h + 2*d. Calculate the highest common factor of h and 5.
5
Suppose 4*v + 54 - 166 = -2*u, -4*v - 212 = -4*u. What is the greatest common divisor of 36 and u?
18
Suppose -3 - 1 = -2*q. Let s be 1/q + 21/14. Let n(d) = -d**2 + 5*d - 2. Let a be n(s). Calculate the highest common factor of 20 and a.
4
Let o = 109 + -77. Let l = o + -11. Suppose -369 = -4*k + 303. Calculate the highest common divisor of l and k.
21
Suppose 0 = -4*i + 510 + 514. Suppose 46 - i = -3*p. Calculate the greatest common factor of p and 14.
14
Suppose -c + 3*f + 6 = -4*c, -2*f - 8 = 0. Calculate the greatest common factor of c and 26.
2
Let b(a) = -36*a**3 - 15*a**2 - 10*a - 21. Let j be b(-5). What is the highest common divisor of 134 and j?
134
Let q = -3103 - -4633. What is the highest common factor of q and 10?
10
Let v(o) = -2*o**3 - 20*o**2 - 6*o - 32. Let p be v(-10). Calculate the highest common divisor of 28 and p.
28
Suppose -3*m = 2*v - 3*v + 36, -5*m - 140 = -5*v. Suppose -4*h = -3*h - v. Suppose -n = -5, -s - 235 = -5*s + n. Calculate the highest common factor of s and h.
12
Let k(w) = w + 3. Let t be k(9). Suppose -u + 4 = -9. Let x = u - 10. What is the greatest common factor of t and x?
3
Let y(g) = 9*g - 1. Let f be y(3). Let s be 65/f*12/10. Suppose -262 = 2*i - s*i + l, -6 = -3*l. What is the highest common factor of 24 and i?
24
Let r(o) = 8*o. Let t(k) = k + 1. Let g(c) = r(c) - 4*t(c). Let p be g(3). Let u = -3409 + 3425. Calculate the highest common divisor of u and p.
8
Let p be ((-68)/(-6))/(10/375). What is the highest common divisor of p and 17?
17
Let b(k) = -k**2 + 8*k + 26. Let t be b(10). What is the greatest common divisor of 34 and t?
2
Let i = 202 + -785. Let x = i - -844. Calculate the highest common factor of 29 and x.
29
Let r(l) = l**2 + 2*l - 4. Let t be r(-5). Let a = 22 + -20. Suppose -a*b + 111 + 65 = 0. Calculate the highest common divisor of b and t.
11
Let z = -37 - -45. Let d be 31 + (-2 - (0 - 3)). Calculate the greatest common divisor of d and z.
8
Let p = 30 - 27. Suppose -3*v - 2*g = -v - 28, -p*g = -5*v + 54. What is the highest common divisor of v and 48?
12
Suppose 0 = -h + 4*v + 542, -h = -2*v - 149 - 383. Calculate the highest common factor of h and 18.
18
Let p be ((-152)/(-12))/(1/6). What is the highest common divisor of 684 and p?
76
Let j(m) = 2*m - 16. Let d be j(8). Let n be 50 - (-2)/6*d. Calculate the highest common factor of 20 and n.
10
Let y(c) = 12*c**2 + 3*c + 3. Let w be y(-8). What is the highest common factor of w and 83?
83
Let c be ((-34)/85)/((-4)/7030). Calculate the highest common divisor of 74 and c.
37
Let y = 15 + -21. Let s = 13 + y. Suppose 0 = g - 5*r + 7, -5*g + 3*r = s*r - 81. What is the greatest common divisor of g and 91?
13
Suppose z = -2*i + 19 - 4, 0 = -3*z - 5*i + 49. Let u(v) = 3*v**2 - 5*v + 14. Let l be u(6). Calculate the greatest common factor of z and l.
23
Let w be 1 + (4 - 8) + 3. Suppose g - 2*i - 13 = w, -2*g - i - 1 = -2. Calculate the greatest common factor of g and 3.
3
Let z = 430 + -223. What is the greatest common divisor of 46 and z?
23
Suppose -6*s + 466 = -38. Calculate the greatest common factor of s and 112.
28
Suppose -2*m = -5*g + 98, g - 102 = -4*g - 2*m. Suppose g*f = 16*f + 96. What is the highest common divisor of f and 36?
12
Let o be 2/(-4) + 113/2. Suppose 18 + 5 = 3*i + z, -3*z + 6 = 0. Calculate the greatest common divisor of i and o.
7
Let g = -1694 + 1711. Calculate the highest common factor of g and 425.
17
Let h = -6 - -10. Let x = 13 - h. Let l = 14 + -8. Calculate the highest common divisor of x and l.
3
Let v = -19 - -195. Let r be (-1680)/(-104) + (-32)/208. What is the highest common divisor of r and v?
16
Let f = 70 - 7. Let l be 30/4*16/24. Suppose 3*w = -l*o + 37, 5*o = w - 2*w + 19. What is the greatest common factor of f and w?
9
Suppose 3*a + 45 = 2*k, 0 = -k + 3*a + 3 + 27. Let h(p) = -p + 16. Let u be h(-14). What is the highest common divisor of u and k?
15
Suppose 795 + 869 = 2*b. Suppose -7*w + b = -3*w. Calculate the greatest common factor of w and 26.
26
Let x = 103 - -87. Suppose 12*q - x = 2*q. What is the greatest common factor of q and 76?
19
Let l(z) = 315*z - 306. Let y be l(2). Calculate the highest common divisor of y and 180.
36
Let j(t) = t**3 + 38*t**2 - 40*t + 11. Let r be j(-39). Let p(h) = 2*h**2 - 3*h. Let d be p(4). Calculate the greatest common divisor of r and d.
10
Let j = -107 - -464. Calculate the highest common divisor of 21 and j.
21
Let f = 30 - 60. Let v be (-3 - 0)*20/f. What is the highest common factor of v and 14?
2
Suppose 0 = 6*f - 7 - 17. Suppose -f*k = -8*k + 20. Calculate the highest common factor of 5 and k.
5
Let w(f) = 2*f**2 - 9*f + 99. Let v be w(-8). What is the highest common factor of v and 46?
23
Let g = 1145 + -1127. Calculate the highest common factor of 1620 and g.
18
Let u = 30 - 15. Let g = -13 - u. Let d be (-4)/g - 167/(-7). What is the greatest common factor of d and 16?
8
Suppose 11 = 4*p - 3*l, 7*l + 6 = 3*p + 4*l. Let j = -21 - -24. Suppose -2*g + 9 = 2*n - 3, j*n = g + 2. What is the highest common divisor of p and n?
1
Let k = 22 + -16. Let f(